{"id":649,"date":"2023-04-25T14:05:16","date_gmt":"2023-04-25T14:05:16","guid":{"rendered":"https:\/\/www.saritic.com\/?page_id=649"},"modified":"2024-02-11T23:26:17","modified_gmt":"2024-02-11T23:26:17","slug":"politiques-de-confidentialite","status":"publish","type":"page","link":"https:\/\/saritic.gifafrique.com\/index.php\/politiques-de-confidentialite\/","title":{"rendered":"Politiques de confidentialit\u00e9 Saritic"},"content":{"rendered":"\n<p>Chez Saritic, nous accordons une grande importance \u00e0 la confidentialit\u00e9 et \u00e0 la s\u00e9curit\u00e9 de vos renseignements personnels.&nbsp;&nbsp;<\/p>\n\n\n\n<p class=\"has-normal-font-size\">La pr\u00e9sente politique de confidentialit\u00e9 a pour but de vous renseigner en tant qu\u2019utilisateur de la Facon dont nous collectons, utilisons, divulguons et prot\u00e9geons les informations que vous nous fournissez lorsque vous utilisez nos services de gestion de documents \u00e9lectroniques.&nbsp;<\/p>\n\n\n\n<p class=\"has-normal-font-size\">En acc\u00e9dant, visitant ou en utilisant notre site web : <a rel=\"noreferrer noopener\" href=\"http:\/\/www.saritic.com\/\" target=\"_blank\">http:\/\/www.saritic.com<\/a> ou en communiquant avec nous (par quelques moyens que ce soit), ou en acceptant de recevoir des courriels de notre part, vous acceptez les conditions de la pr\u00e9sente politique.&nbsp;<\/p>\n\n\n\n<p class=\"has-normal-font-size\">Vous \u00eates notamment invit\u00e9 \u00e0 prendre connaissance de la pr\u00e9sente politique :&nbsp;&nbsp;           <\/p>\n\n\n\n<ul class=\"has-normal-font-size wp-block-list\">\n<li>De mani\u00e8re g\u00e9n\u00e9rale, au moment de votre navigation sur le site web&nbsp;&nbsp;<\/li>\n\n\n\n<li>Avant de transmettre vos renseignements personnels sur le site web&nbsp;<\/li>\n<\/ul>\n\n\n\n<p class=\"has-normal-font-size\">Si vous ne consentez pas \u00e0 ce que Saritic recueille, utilise et divulgue vos renseignements personnels conform\u00e9ment \u00e0 la pr\u00e9sente politique, veuillez ne pas nous communiquer des renseignements personnels. Toutefois, certains services ne peuvent vous \u00eatre offerts que si vous fournissez a Saritic de l\u2019information de cette nature, par cons\u00e9quent, il se peut que Saritic ne soit pas en mesure de vous offrir ses services si vous d\u00e9cidez de ne pas partager les informations personnelles n\u00e9cessaires.&nbsp; <\/p>\n\n\n\n<p class=\"has-normal-font-size\">1.<strong>Collecte de renseignements personnels\u202f<\/strong><\/p>\n\n\n\n<p class=\"has-normal-font-size\">Nous recueillons vos renseignements personnels de plusieurs fa\u00e7ons, y compris lorsque vous demandez des renseignements, que vous saisissez des renseignements sur notre Site Web, que vous nous contactez par t\u00e9l\u00e9phone ou par courriel, que vous postez sur nos comptes de m\u00e9dias sociaux.&nbsp;<\/p>\n\n\n\n<p class=\"has-normal-font-size\">Selon les circonstances, les renseignements personnels peuvent notamment comprendre votre pr\u00e9nom, nom, adresse courriel, num\u00e9ro de t\u00e9l\u00e9phone, un titre de poste, le nom de votre employeur, et des renseignements relatifs au recrutement, tels que votre curriculum vitae et des renseignements concernant vos ant\u00e9c\u00e9dents professionnels.&nbsp;<\/p>\n\n\n\n<p class=\"has-normal-font-size\">Nous recueillons \u00e9galement des informations relatives \u00e0 votre visite sur notre Site Web. Ces informations peuvent comprendre votre adresse IP, la date, l&#8217;heure et la dur\u00e9e de vos visites ainsi que les pages web que vous avez consult\u00e9.&nbsp;<\/p>\n\n\n\n<p class=\"has-normal-font-size\">2. <strong>Utilisation des renseignements personnels<\/strong><\/p>\n\n\n\n<p class=\"has-normal-font-size\">Les renseignements personnels que nous collectons sont utilis\u00e9s dans le but de fournir, de maintenir et d&#8217;am\u00e9liorer nos services Nous pouvons les utiliser dans les buts suivants :&nbsp;<\/p>\n\n\n\n<ul class=\"has-normal-font-size wp-block-list\">\n<li class=\"has-normal-font-size\">Communiquer avec vous concernant nos services et r\u00e9pondre \u00e0 vos demandes et vous fournir du soutien pour l\u2019utilisation du site web.&nbsp;&nbsp;<\/li>\n\n\n\n<li>Personnaliser et am\u00e9liorer votre exp\u00e9rience utilisateur.&nbsp;<\/li>\n\n\n\n<li>G\u00e9rer votre compte et vous fournir un acc\u00e8s \u00e0 nos services.&nbsp;<\/li>\n\n\n\n<li>Communiquer avec vous conform\u00e9ment aux lois applicables, ou \u00e0 toute autre fin permise ou requise par la loi.&nbsp;<\/li>\n\n\n\n<li>Envoyer des informations administratives, des notifications et des mises \u00e0 jour relatives \u00e0 nos services.&nbsp;<\/li>\n\n\n\n<li>Fournir des services de marketing et de d\u00e9veloppement des affaires&nbsp;<\/li>\n\n\n\n<li>Assurer la s\u00e9curit\u00e9 de nos services et pr\u00e9venir les activit\u00e9s frauduleuses.&nbsp;<\/li>\n<\/ul>\n\n\n\n<p class=\"has-normal-font-size\">3. <strong>Communication des renseignements personnels<\/strong> <\/p>\n\n\n\n<p class=\"has-normal-font-size\">Les renseignements personnels recueillis sont r\u00e9serv\u00e9s \u00e0 l\u2019usage de Saritic aux fins d\u00e9finies ci-dessus. Nous nous engageons \u00e0 assurer que seuls les employ\u00e9s de Saritic dument habilit\u00e9s qui ont Besoin d\u2019acc\u00e9der \u00e0 vos renseignements dans le cadre de vos fonctions y aient acc\u00e8s.&nbsp;<\/p>\n\n\n\n<p>Saritic peut \u00e9galement transmettre vos renseignements personnels \u00e0 des prestataires de services(tiers) dans les circonstances suivantes\u202f:&nbsp;&nbsp;<\/p>\n\n\n\n<ul class=\"has-normal-font-size wp-block-list\">\n<li>Si cela est n\u00e9cessaire pour fournir nos services et r\u00e9pondre \u00e0 vos demandes.&nbsp;<\/li>\n\n\n\n<li>Avec votre consentement pr\u00e9alable.&nbsp;<\/li>\n\n\n\n<li>Aux prestataires de services tiers qui travaillent avec nous et nous aident \u00e0 exploiter notre entreprise, \u00e0 condition qu&#8217;ils acceptent de respecter la confidentialit\u00e9 de vos renseignements personnels.&nbsp;<\/li>\n\n\n\n<li>Pour nous conformer aux lois, r\u00e9glementations ou demandes l\u00e9gales en vigueur, ou pour prot\u00e9ger nos droits, notre propri\u00e9t\u00e9 ou notre s\u00e9curit\u00e9, ainsi que ceux de nos utilisateurs ou de tiers.&nbsp;<\/li>\n<\/ul>\n\n\n\n<p class=\"has-normal-font-size\">Toutefois, lorsque nous divulguons vos renseignements personnels \u00e0 des prestataires de services, nous prenons toutes les mesures raisonnables pour limiter les renseignements personnels que nous leurs fournissons aux seuls renseignements n\u00e9cessaires pour s\u2019acquitter de leurs fonctions et pour assurer les r\u00e8gles annonc\u00e9es dans la pr\u00e9sente politique sont respect\u00e9es.&nbsp;<\/p>\n\n\n\n<p class=\"has-normal-font-size\">4. <strong>S\u00e9curit\u00e9 des renseignements personnels&nbsp;<\/strong>&nbsp;<\/p>\n\n\n\n<p class=\"has-normal-font-size\">Saritic met en place des mesures techniques, physiques et organisationnelles de s\u00e9curit\u00e9 appropri\u00e9es au regard de la nature des renseignements personnels et des risques pr\u00e9sent\u00e9s par le traitement pour prot\u00e9ger la s\u00e9curit\u00e9 et la confidentialit\u00e9 de vos renseignements personnels contre tout acc\u00e8s, toute divulgation, toute utilisation abusive ou toute modification non autoris\u00e9e. Cependant, veuillez noter qu&#8217;aucune m\u00e9thode de transmission sur Internet ou de stockage \u00e9lectronique n&#8217;est totalement s\u00e9curis\u00e9e, et nous ne pouvons garantir une s\u00e9curit\u00e9 absolue des informations.&nbsp;<\/p>\n\n\n\n<p class=\"has-normal-font-size\">Saritic a notamment mise en place des politiques internes r\u00e9gissant l\u2019acc\u00e8s et la protection des renseignements personnels par ses employ\u00e9s, lesquels sont soumis \u00e0 des obligations de confidentialit\u00e9. Par ailleurs, Saritic exige de ses prestataires de services, par des moyens contractuels et d\u2019autres mesures, un niveau comparable de protection des renseignements personnels. Pour plus d\u2019information, veuillez communiquer avec nous aux cordonn\u00e9es d\u00e9taill\u00e9s ci-dessous<\/p>\n\n\n\n<p class=\"has-normal-font-size\">5. <strong>Conservation des renseignements personnels<\/strong>&nbsp;<\/p>\n\n\n\n<p class=\"has-normal-font-size\">Saritic conservera vos renseignements personnels aussi longtemps que n\u00e9cessaire aux fins pr\u00e9vues dans la pr\u00e9sente politiques et pour se conformer \u00e0 ses obligations aux termes des lois, r\u00e8glements, ou ordonnances gouvernementales applicables.&nbsp;<\/p>\n\n\n\n<p>Vos renseignements personnels peuvent \u00eatre stock\u00e9s et trait\u00e9s hors du Qu\u00e9bec, dans les provinces ou pays dans lesquels nous avons des installations ou dans lesquels nous employons des fournisseurs de services tiers. Dans ce cas, Saritic s\u2019assureras que vos renseignements personnels b\u00e9n\u00e9ficient d\u2019une protection ad\u00e9quate, notamment au regard de leur niveau e protection dans le pays concern\u00e9s et des mesures d\u00e9ploy\u00e9es afin de pr\u00e9server leur s\u00e9curit\u00e9 et confidentialit\u00e9.&nbsp;<\/p>\n\n\n\n<p class=\"has-normal-font-size\">En utilisant notre Site Web, vous consentez \u00e0 la communication et au transfert de vos renseignements personnels dans des provinces et pays autres que votre province ou pays de r\u00e9sidence, o\u00f9 les r\u00e8gles de protection des renseignements personnels peuvent \u00eatre diff\u00e9rentes de celles de votre province ou pays de r\u00e9sidence. Lorsque des renseignements personnels se trouvent \u00e0 l\u2019ext\u00e9rieur de votre province ou pays de r\u00e9sidence, ils sont assujettis aux lois de la province ou du pays o\u00f9 ils se trouvent, et peuvent faire l\u2019objet d\u2019une communication aux gouvernements, aux tribunaux ou aux organismes d\u2019application de la loi ou de r\u00e9glementation de la province ou du pays en question, conform\u00e9ment \u00e0 ces lois.&nbsp;<\/p>\n\n\n\n<p>6. <strong>Vos droits<\/strong>&nbsp;<\/p>\n\n\n\n<p class=\"has-normal-font-size\">Sur demande \u00e9crite et sous r\u00e9serve d&#8217;une preuve d&#8217;identit\u00e9, vous pouvez notamment soumettre une demande d\u2019acc\u00e8s \u00e0 Saritic, c\u2019est-\u00e0-dire nous demander si nous traitons des renseignements personnels et, le cas \u00e9ch\u00e9ant, demander \u00e0 acc\u00e9der \u00e0 vos renseignements personnels. Vous pouvez \u00e9galement soumettre une demande rectification, c\u2019est-\u00e0-dire demander \u00e0 faire rectifier tout renseignement personnel incomplet ou inexact que nous d\u00e9tenons. Toutefois, pour vous assurer que les renseignements personnels que nous conservons \u00e0 votre sujet sont exacts et \u00e0 jour, veuillez nous informer imm\u00e9diatement de toute modification de vos renseignements personnels.&nbsp;<\/p>\n\n\n\n<p class=\"has-normal-font-size\">Vous pouvez retirer ou modifier votre consentement \u00e0 l\u2019utilisation ou \u00e0 la divulgation de vos renseignements personnels au terme de la pr\u00e9sente Politique (ou \u00e0 certaines utilisations ou divulgations) \u00e0 tout moment, sous r\u00e9serve des restrictions l\u00e9gales et contractuelles applicables.&nbsp;<\/p>\n\n\n\n<p class=\"has-normal-font-size\">Pour exercer vos droits, veuillez communiquer avec nous aux coordonn\u00e9es d\u00e9taill\u00e9es ci-dessous.&nbsp;<\/p>\n\n\n\n<p class=\"has-normal-font-size\">7. <strong>Mise \u00e0 jour de la Politique&nbsp;<\/strong>&nbsp;<\/p>\n\n\n\n<p class=\"has-normal-font-size\">Veuillez consulter cette page r\u00e9guli\u00e8rement pour vous tenir au courant des changements apport\u00e9s \u00e0 cette Politique, que nous pouvons mettre \u00e0 jour de temps \u00e0 autre. Si nous modifions la politique, nous la mettrons \u00e0 disposition sur le Site Web, en indiquant la date de la derni\u00e8re r\u00e9vision, et nous nous conformerons aux lois applicables. Le fait de continuer \u00e0 utiliser le Site Web apr\u00e8s l&#8217;entr\u00e9e en vigueur de la politique r\u00e9vis\u00e9e indique que vous avez lu, compris et accept\u00e9 la version actuelle de la Politique.&nbsp;<\/p>\n\n\n\n<p class=\"has-normal-font-size\">8.<strong>Nos cordonn\u00e9es<\/strong>&nbsp;<\/p>\n\n\n\n<p class=\"has-normal-font-size\">Si vous avez des questions ou des commentaires \u00e0 propos de la pr\u00e9sente politique ou sur vos renseignements personnels, si vous souhaitez faire une demande d\u2019acc\u00e8s ou rectification, si vous voulez d\u00e9poser une plainte ou obtenir des informations sur nos politiques et nos pratiques concernant tout fournisseur de services situ\u00e9s \u00e0 l\u2019ext\u00e9rieur du Canada, vous pouvez contacter notre responsable de protection des renseignements personnels, par courriel \u00e0 l\u2019adresse suivante\u202f: <a rel=\"noreferrer noopener\" href=\"mailto:Privacy@saritic.com\" target=\"_blank\">privacy@saritic.com<\/a>&nbsp;&nbsp;<\/p>\n\n\n\n<p><\/p>\n","protected":false},"excerpt":{"rendered":"<p>Chez Saritic, nous accordons une grande importance \u00e0 la confidentialit\u00e9 et \u00e0 la s\u00e9curit\u00e9 de [&hellip;]<\/p>\n","protected":false},"author":1,"featured_media":0,"parent":0,"menu_order":0,"comment_status":"closed","ping_status":"closed","template":"","meta":{"footnotes":""},"class_list":["post-649","page","type-page","status-publish","hentry"],"_links":{"self":[{"href":"https:\/\/saritic.gifafrique.com\/index.php\/wp-json\/wp\/v2\/pages\/649","targetHints":{"allow":["GET"]}}],"collection":[{"href":"https:\/\/saritic.gifafrique.com\/index.php\/wp-json\/wp\/v2\/pages"}],"about":[{"href":"https:\/\/saritic.gifafrique.com\/index.php\/wp-json\/wp\/v2\/types\/page"}],"author":[{"embeddable":true,"href":"https:\/\/saritic.gifafrique.com\/index.php\/wp-json\/wp\/v2\/users\/1"}],"replies":[{"embeddable":true,"href":"https:\/\/saritic.gifafrique.com\/index.php\/wp-json\/wp\/v2\/comments?post=649"}],"version-history":[{"count":6,"href":"https:\/\/saritic.gifafrique.com\/index.php\/wp-json\/wp\/v2\/pages\/649\/revisions"}],"predecessor-version":[{"id":714,"href":"https:\/\/saritic.gifafrique.com\/index.php\/wp-json\/wp\/v2\/pages\/649\/revisions\/714"}],"wp:attachment":[{"href":"https:\/\/saritic.gifafrique.com\/index.php\/wp-json\/wp\/v2\/media?parent=649"}],"curies":[{"name":"wp","href":"https:\/\/api.w.org\/{rel}","templated":true}]}}